the prime factors of h(v).
2, 37
What are the prime factors of 1 + (-270658)/(-12) + (-140)/168?
5, 13, 347
Let w(f) = 32*f**2 + 68*f - 141. What are the prime factors of w(-16)?
3, 11, 211
Suppose -224*k = -186*k - 520351 - 373751. List the prime factors of k.
3, 11, 23, 31
Suppose -240604 = -442*n + 416*n. What are the prime factors of n?
2, 7, 661
Let m = -4566 - -22723. What are the prime factors of m?
67, 271
Let t be (11/2 - 8)*(-4)/5. Suppose 1103 = 5*n - 2*s, t*n - 455 + 13 = s. List the prime factors of n.
3, 73
Let d = 2098 + 2382. What are the prime factors of d?
2, 5, 7
Let v = 122 + 4791. What are the prime factors of v?
17
What are the prime factors of 2/22 - (-6066270)/(-220)*-2?
2, 17, 811
Suppose 3*z = -4*x - 5, -x - 8 + 0 = 3*z. List the prime factors of (5 + (-9 - -1001))*x.
997
Suppose -2*o + 33403 = m, 0 = -4*o + 5*m + 60515 + 6270. What are the prime factors of o?
2, 5, 167
Let f(w) = -w**3 - w**2 + 4*w + 70. Let l = 138 - 145. List the prime factors of f(l).
2, 3, 7
Suppose -3*b + 5 = -1, -5*s - 5*b = -30. Suppose -s*o = 5*t - 443 + 99, 4*o = -4*t + 348. Suppose -o - 317 = -4*a. What are the prime factors of a?
2, 3, 17
Let j(n) = 6*n**3 - 7*n**2 - 12*n - 97. List the prime factors of j(12).
11, 829
Suppose 5*p + 2*c - 15 = 0, 3*p + p + 4*c = 0. Suppose p*h - 3*h + 3*y = 548, -3*h - 2*y = -827. What are the prime factors of h?
277
Let o be 124/(-6) + (-25)/(-15). What are the prime factors of (-71)/(-1)*(o - -22)?
3, 71
Suppose -2*b + 4224 = -18*b. Let l = 567 + b. Suppose m - l = -2*m + j, 0 = 5*m + j - 497. List the prime factors of m.
2, 5
Let q = 5219 - 2060. What are the prime factors of q?
3, 13
Let w(c) = -3*c**3 + 32*c**2 - 57*c - 60. What are the prime factors of w(-18)?
2, 3, 5, 31
Let b = 17677 + -4206. Suppose 18*a - b = -1915. List the prime factors of a.
2, 3, 107
Suppose -i - 6*i = -42. Suppose 2*k = i*k - 24. Suppose k*j = j + 875. What are the prime factors of j?
5, 7
Let p be 10/(-5) + 1 - -203. Suppose 0 = -6*b + 170 + p. What are the prime factors of b?
2, 31
Suppose -3*o + k + 1876 = 0, -o - 6*k + 4*k + 637 = 0. Suppose -3*c + 1005 + o = 0. List the prime factors of c.
2, 17
Suppose -25*v + 24*v = -1. Let i(k) be the third derivative of k**6/40 - k**5/30 + k**4/8 - k**3/3 + 2*k**2. What are the prime factors of i(v)?
2
Let p(n) be the second derivative of 7*n**4/3 + 2*n**2 + 56*n. List the prime factors of p(4).
2, 113
Suppose 106*j + 139*j - 2406883 - 1739007 = 0. List the prime factors of j.
2, 8461
Let b be 1 + -3 + (36 - -2). Let n = 40 - b. Suppose -3*w - n*m + 660 = 2*w, 2*w - 5*m = 231. What are the prime factors of w?
2
Let x(l) = -46*l + 157. Let t(g) = -46*g + 159. Let n(u) = -2*t(u) + 3*x(u). List the prime factors of n(-8).
521
Let m(n) be the third derivative of n**6/120 + 4*n**5/15 - 11*n**4/24 + 7*n**3/3 - 44*n**2. What are the prime factors of m(-16)?
2, 5, 19
Let f be (1*7/((-14)/246))/1. Let g = f - -24. Let m = 17 - g. List the prime factors of m.
2, 29
List the prime factors of ((-6)/5)/((38/4332)/(450/(-12))).
2, 3, 5, 19
Let y be (-16)/12*(-27)/6. Suppose -12*s + y = -9*s. What are the prime factors of 1/5 + s/((-10)/(-859))?
2, 43
Let r(b) = 18*b - 34. Let q be r(9). Let m = q + -56. List the prime factors of m.
2, 3
Let u(z) = 3*z**3 + z**2 - 40*z - 70. List the prime factors of u(9).
2, 919
Let n = -33130 + 66245. Suppose -36*k = -73*k + n. List the prime factors of k.
5, 179
Suppose -4*p = -144*g + 147*g - 4483, -5*g = 2*p - 7467. List the prime factors of g.
1493
Let k(t) = -15*t + 71. Let y be k(9). Let g = y + 207. What are the prime factors of g?
11, 13
Suppose 0 = -3*s + 5*t + 148 - 687, -4*s + 2*t - 728 = 0. Let l be (56/(-6))/(13 - (-15743)/(-1209)). Let n = s + l. What are the prime factors of n?
251
Suppose 3*r + 4*y - 38110 = 0, 7*r - 25380 = 5*r + 4*y. What are the prime factors of r?
2, 7, 907
Let d(h) = 12*h**2 - 57*h + 161. What are the prime factors of d(14)?
5, 7
Let i = 70808 - 25442. What are the prime factors of i?
2, 3, 7561
Let v be (-1 + 78/(-42))*-35. Suppose 5*y - 19 = -79. Let c = y + v. List the prime factors of c.
2, 11
Suppose 0 = -13*c - 48138 + 121003. What are the prime factors of c?
5, 19, 59
Let l(m) = -m**3 + 18*m**2 - 33*m + 18. Suppose 31 = 3*k + 2*f - 14, 4*k + 4*f = 64. What are the prime factors of l(k)?
2, 7, 31
Suppose 14*b + 1601 = 341. Let i = b + 1869. List the prime factors of i.
3, 593
Suppose -k - 108*g = -104*g - 17410, 86987 = 5*k - g. List the prime factors of k.
2, 8699
Suppose 0 = -52*v + 122209 + 511643 - 12712. List the prime factors of v.
5, 2389
Let p = 10767 + 6917. List the prime factors of p.
2, 4421
Let h be 6274 - (2/5 + (-72)/(-20)). Suppose 666*s - 672*s + h = 0. List the prime factors of s.
5, 11, 19
Let u(c) = 4*c**2 - 7*c + 7. Let v(z) = -2*z**2 + 4*z - 4. Let d(f) = 4*u(f) + 7*v(f). Let g be d(-1). Suppose -360 = -b - g*b. What are the prime factors of b?
2, 3, 5
Let d = -38709 + 65282. What are the prime factors of d?
26573
Suppose 2*r - 7 = 3. Let z(w) = -w**3 - 25*w**2 + 16*w + 59. Let c be z(-26). Suppose c + 111 = r*l. What are the prime factors of l?
2, 43
Let u(j) = -j**3 - 6*j**2 - 8*j - 3. Let z be u(-3). Let h(k) = -15*k + 12. What are the prime factors of h(z)?
2, 3, 17
Let o be 326 + 4/(0 - (-2 - -1)). Let h = -189 + o. List the prime factors of h.
3, 47
What are the prime factors of 2343/7 + 234/819?
5, 67
Suppose 3*z - 90 = -942. List the prime factors of z/(-13) - 12/(-78).
2, 11
Let m(z) = -29*z - 11. Let q(w) = w**3 + 7*w**2 + 5*w - 2. Let i be q(-6). Let c be ((-1 - -4) + -2)/((-1)/i). What are the prime factors of m(c)?
3, 5, 7
Suppose 20 = -5*a, -6*a = 5*z - 3*a - 63. List the prime factors of -3*(-138)/z - (-14)/35.
2, 7
Suppose -650 = -2*i + 4*p, 2*i = -p + 91 + 584. Suppose -3*b = -340 - i. List the prime factors of b.
3, 5
Let v = -359 - -1307. Suppose -2*y + v = 4*y. List the prime factors of y.
2, 79
Let n = 95374 + -52840. List the prime factors of n.
2, 3, 17, 139
Suppose 0 = 3*j + 12, 3*i = -30*j + 25*j - 14. Suppose -i*y - 639 = -u, -2*u - 2*u + 2529 = y. What are the prime factors of u?
3, 211
Let w = 458 - 57. List the prime factors of (w - 3)*3 + 0/(-5).
2, 3, 199
Let c(g) = -g**3 - 32*g**2 - 26*g - 107. List the prime factors of c(-35).
2, 2239
Suppose -3*j - 2*x = -109568, -6*j - 109570 = -9*j - x. List the prime factors of j.
2, 23, 397
Let r(v) = 13*v**2 + 18*v + 13. Let f be r(-5). Let h = f - 214. List the prime factors of h.
2, 17
Suppose -5342173 + 1757788 = -105*t. What are the prime factors of t?
3, 3793
Suppose 36*p + 3263 = -5773. Let l = p + 522. List the prime factors of l.
271
Suppose -9*o + 4540 = 11*o. Let l = o - -101. List the prime factors of l.
2, 41
Let k(b) = 2*b - 2. Let u be k(-26). Let j = u - -201. What are the prime factors of j?
3, 7
Suppose 0 = -5*c + 35 - 20. Suppose -4*h + 63 = -c*h - 4*q, 0 = 4*h + 4*q - 252. List the prime factors of h.
3, 7
Let l(j) = -j**2 - 6*j + 43. Let o be l(-10). Let t = -5 + 7. Suppose o*s - 5*z = 552, 129 = -t*s + z + 490. List the prime factors of s.
179
Let n be (0 - 28*5)*102/(-24). Let p be ((-4)/(-10) + (-748)/n)*-49. List the prime factors of 7/(p/153)*4/6.
17
Suppose -4*a - 10*u = -12*u - 21854, 4 = 4*u. List the prime factors of a.
2, 683
Let w(n) = 256*n**2 + 14*n + 249. List the prime factors of w(-11).
3, 10357
Let y(n) = -5*n**3 + 5*n**2 - 12*n - 50. Let c = -80 - -75. List the prime factors of y(c).
2, 5, 19
Let q(w) = 6*w + 26. Let x = 49 + -57. Let s be (-2)/x + (-4)/(64/(-60)). List the prime factors of q(s).
2, 5
Let r be -312*(-28)/7*(-4)/(-24). Let s be (5 - -4)/(3/34). Suppose r + s = 5*z. What are the prime factors of z?
2, 31
Let c = -6285 + 12685. What are the prime factors of c?
2, 5
Let f = 89 + -85. Suppose -3*y + 88 = f*u + 26, 0 = -y - 4*u + 10. List the prime factors of y.
2, 13
Suppose 5806 = 2*p + 3*c - 1507, -5*c - 5 = 0. List the prime factors of p.
2, 31, 59
Let k = 4384 + -4283. What are the prime factors of k?
101
Suppose 4*f + 6*p - 3*p - 20 = 0, -2*f + 4*p - 12 = 0. Suppose -f*i = 59 - 751. Suppose 4*r - i = 34. What are the prime factors of r?
5, 19
Suppose 0 = 3*u + 9, -10201 = 5*p + 4*u + 4091. Let a be (-4)/6*p/(-14). What are the prime factors of 16/a - 820/(-34)?
2, 3
L